{"version":"1.0","provider_name":"Basquet Girona","provider_url":"https:\/\/basquetgirona.com\/es\/","author_name":"Pau De Castro","author_url":"https:\/\/basquetgirona.com\/es\/author\/pdcastro\/","title":"CONOCE EL LADO #OFFCOURT DE MAXI FJELLERUP - Basquet Girona","type":"rich","width":600,"height":338,"html":"<blockquote class=\"wp-embedded-content\" data-secret=\"NTCwo6mDPh\"><a href=\"https:\/\/basquetgirona.com\/es\/noticia\/conoce-el-lado-offcourt-de-maxi-fjellerup\/\">CONOCE EL LADO #OFFCOURT DE MAXI FJELLERUP<\/a><\/blockquote><iframe sandbox=\"allow-scripts\" security=\"restricted\" src=\"https:\/\/basquetgirona.com\/es\/noticia\/conoce-el-lado-offcourt-de-maxi-fjellerup\/embed\/#?secret=NTCwo6mDPh\" width=\"600\" height=\"338\" title=\"\u00abCONOCE EL LADO #OFFCOURT DE MAXI FJELLERUP\u00bb \u2014 Basquet Girona\" data-secret=\"NTCwo6mDPh\" frameborder=\"0\" marginwidth=\"0\" marginheight=\"0\" scrolling=\"no\" class=\"wp-embedded-content\"><\/iframe><script type=\"text\/javascript\">\n\/* <![CDATA[ *\/\n\/*! This file is auto-generated *\/\n!function(d,l){\"use strict\";l.querySelector&&d.addEventListener&&\"undefined\"!=typeof URL&&(d.wp=d.wp||{},d.wp.receiveEmbedMessage||(d.wp.receiveEmbedMessage=function(e){var t=e.data;if((t||t.secret||t.message||t.value)&&!\/[^a-zA-Z0-9]\/.test(t.secret)){for(var s,r,n,a=l.querySelectorAll('iframe[data-secret=\"'+t.secret+'\"]'),o=l.querySelectorAll('blockquote[data-secret=\"'+t.secret+'\"]'),c=new RegExp(\"^https?:$\",\"i\"),i=0;i<o.length;i++)o[i].style.display=\"none\";for(i=0;i<a.length;i++)s=a[i],e.source===s.contentWindow&&(s.removeAttribute(\"style\"),\"height\"===t.message?(1e3<(r=parseInt(t.value,10))?r=1e3:~~r<200&&(r=200),s.height=r):\"link\"===t.message&&(r=new URL(s.getAttribute(\"src\")),n=new URL(t.value),c.test(n.protocol))&&n.host===r.host&&l.activeElement===s&&(d.top.location.href=t.value))}},d.addEventListener(\"message\",d.wp.receiveEmbedMessage,!1),l.addEventListener(\"DOMContentLoaded\",function(){for(var e,t,s=l.querySelectorAll(\"iframe.wp-embedded-content\"),r=0;r<s.length;r++)(t=(e=s[r]).getAttribute(\"data-secret\"))||(t=Math.random().toString(36).substring(2,12),e.src+=\"#?secret=\"+t,e.setAttribute(\"data-secret\",t)),e.contentWindow.postMessage({message:\"ready\",secret:t},\"*\")},!1)))}(window,document);\n\/\/# sourceURL=https:\/\/basquetgirona.com\/wp-includes\/js\/wp-embed.min.js\n\/* ]]> *\/\n<\/script>\n","thumbnail_url":"https:\/\/basquetgirona.com\/wp-content\/uploads\/2024\/10\/Captura-de-pantalla-2024-10-17-a-les-18.52.40-scaled.webp","thumbnail_width":2560,"thumbnail_height":1440,"description":"Acompa\u00f1a a Maxi Fjellerup en un d\u00eda cotidiano. Conoce su rutina desde que va por la ma\u00f1ana en el pabell\u00f3n con Juani mientras toman mate. La sesi\u00f3n de entrenamiento, el nuevo rol como segundo capit\u00e1n, su carrera en el B\u00e0squet Girona, que le gusta hacer para desconectar del d\u00eda a d\u00eda y una de sus [&hellip;]"}

Acompaña a Maxi Fjellerup en un día cotidiano. Conoce su rutina desde que va por la mañana en el pabellón con Juani mientras toman mate. La sesión de entrenamiento, el nuevo rol como segundo capitán, su carrera en el Bàsquet Girona, que le gusta hacer para desconectar del día a día y una de sus [&hellip;]
